-5*p + 1027 = 2*g, 16*p = 3*g + 19*p - 1554. What is the hundreds digit of g?
5
Let g(m) = -m - 7. Let i be g(-4). Suppose -3*f = 2*z + 2 - 5, -3*z - 4*f + 5 = 0. What is the tens digit of (2 - z)*(i - 51)?
5
Suppose 128*m + 3360 = 143*m. What is the tens digit of m?
2
Suppose -2*s + 13 + 1 = -5*q, -2*s + 2 = -2*q. Let r = q - -38. Suppose 3*o = c + r, -4*c + 3 = 2*o - 1. What is the tens digit of o?
1
Suppose 2*d + v = 2783, 4*d = 4*v - 3212 + 8808. What is the hundreds digit of d?
3
Let n = 390 + -298. What is the units digit of n?
2
Let d(v) be the third derivative of v**5/15 + v**4/12 + v**3/3 - v**2. Let y be 9/(-36) - 3/4. What is the units digit of d(y)?
4
Suppose 5*z - 4482 = -3*f, 40*f = 5*z + 35*f - 4490. What is the units digit of z?
7
Suppose -3*t - 3*a + 101 = 29, -5*t + 92 = -2*a. Suppose 3*x - 564 = -5*b - t, 2*x = 5*b + 396. What is the units digit of x?
8
Suppose 3*c = 2*a + 2*a + 59, 3*c - 2*a = 49. Suppose k + 40 = 3*m - k, m = k + c. What is the tens digit of m?
1
Suppose a - 13 = -2*v + 4*a, -4*v + 81 = 5*a. Let i = v + -9. Suppose -4*c = -5*y + c + 175, y - 11 = -i*c. What is the tens digit of y?
3
What is the units digit of (-13)/(-26) + (-15765)/(-10)?
7
What is the units digit of (-36)/24*3*2092/(-9)?
6
Let y(m) = -m**2 - 17*m - 6. Let q(s) = s**2 + 17*s + 6. Let j(b) = 6*q(b) + 7*y(b). What is the tens digit of j(-8)?
6
Let k(r) = 2*r**2 - 6*r - 18. Let u(m) = m - 7. Let w be u(11). Suppose -5*x + w*d = -46, x + 2*d - 14 = 4*d. What is the tens digit of k(x)?
1
Suppose 2*p = 3*x + 666 + 1040, 0 = -3*x - 12. What is the tens digit of p?
4
Let y = 1402 - 840. What is the hundreds digit of y?
5
Suppose -2745 = -7*o + 342. What is the tens digit of o?
4
Suppose 0*l + 3*l + 9 = 0. Let m(w) = 7*w**2 + 3*w + 4. What is the units digit of m(l)?
8
Suppose 2*g + 5*l - 149 = 0, -2*g - 4*l + 96 = -52. Suppose -4*d + g = -0*d. Let w = d + -11. What is the units digit of w?
7
Let o = 79 + 40. Suppose 0 = -3*z - q + o, -4*z + 2*q - 69 = -231. What is the units digit of z?
0
Let y = -301 - -1382. What is the units digit of y?
1
Suppose -7*p + 3*n + 1911 = -5*p, -2*p - n + 1891 = 0. What is the hundreds digit of p?
9
Suppose 0 = 3*q - 404 - 412. Suppose 0 = 2*j - 0*j - q. Suppose 3*y - 4*o = -y + j, -3*o + 38 = y. What is the tens digit of y?
3
Let n(a) be the first derivative of 7*a**2/2 + 10*a - 8. What is the units digit of n(8)?
6
What is the hundreds digit of (-93 - -84) + 2640/2?
3
Let d be (0 - 4/(-6))*6. Suppose 5*f = -d*f + 819. What is the units digit of f?
1
Let t(u) = -85*u + 319. What is the tens digit of t(-7)?
1
Suppose 2*a + 5*l - 4*l - 1729 = 0, a = -l + 865. What is the hundreds digit of a?
8
Suppose -3*f = -0*f - 48. Let u = 128 - f. Let s = u + -41. What is the units digit of s?
1
Let f = -68 - -63. Let q(r) = -r**3 - 2*r**2 + 4*r - 9. What is the units digit of q(f)?
6
What is the units digit of (-2)/10 - (-2988)/90?
3
Suppose 11*d - 8*d = -3. What is the tens digit of (2 - (d - -1)) + 10?
1
Suppose -3*c = -6*c + 21. Suppose -2*j = -c*o + 5*o, 3*o - j = 2. What is the units digit of o?
1
What is the thousands digit of (27/(-12))/(51/(-57256))?
2
Let p = 7 - -3. What is the units digit of p?
0
Let c(o) = -616*o - 13. What is the tens digit of c(-2)?
1
Let p(u) be the first derivative of -3 - 3*u + 1/3*u**3 + 1/2*u**2. What is the units digit of p(-3)?
3
What is the thousands digit of (-4)/(((-40)/(-6005))/(-2))?
1
Let m(l) = -2*l - 4 - 365*l**2 - l**3 + 373*l**2 + l. What is the units digit of m(6)?
2
Let d be (-4)/(4*2/(-12)). Let u(z) = 4 + z**2 - 4*z - 4 + 3 + 2*z. What is the tens digit of u(d)?
2
Let u(v) = v**2 + v - 2. Let a(x) = -5*x**2 - 4*x + 9. Let j be (6/(-8))/((-1)/(-12)). Let y(c) = j*u(c) - 2*a(c). What is the tens digit of y(7)?
4
Let d(z) = -29*z - 3 - 1 + 10. What is the units digit of d(-3)?
3
Let r be -120 - ((-2)/(-9) - 10/45). What is the units digit of 5/(-10)*(r - 1 - 1)?
1
What is the hundreds digit of (635 - -5 - -5)*(-1 - -2)?
6
Suppose 2*d - 4*b - 49 = -9, 5*b = d - 14. Suppose l - 3*l + d = 0. What is the tens digit of l?
1
Suppose 0 = 4*a - b - 4, -3*b = -4*b - 4. Let c be ((-2)/5)/((-3)/15). Suppose a = -2*k - c*k + 44. What is the units digit of k?
1
Let x(o) = -o**3 - 5*o**2 - 2*o + 6. Let p = 27 - 21. Let j be (-3)/(-2)*(-20)/p. What is the units digit of x(j)?
6
Suppose -24*v + 20*v = -120. Suppose 2*k = -k - v. What is the units digit of (72/(-40))/(3/k)?
6
Let s(y) = y + 20. Let h be s(-12). What is the units digit of 84/(-1)*h/(-6)?
2
What is the hundreds digit of (5/(-7) - 1)*29988/(-42)?
2
Suppose 0 = -21*s + 13529 - 530. What is the tens digit of s?
1
Let f be -4 + (-4 - -8) - -5. Suppose 0 = 3*s - d - 167, -4*d + 274 = f*s + 7. What is the units digit of s?
5
Suppose 281*f = 283*f + 4*p - 188, 510 = 5*f + 2*p. What is the tens digit of f?
0
Let r(y) = -y + 1. Let b be r(-4). Suppose -5*i = -b*g + g - 361, 2*g - 268 = -4*i. What is the tens digit of i?
6
Suppose -34*u + 56541 + 62697 = 0. What is the thousands digit of u?
3
Suppose 5*m - 340 = -y - 81, 2*m + 5*y - 99 = 0. Let g be (-39)/15 - (-2)/(-5). Let b = m + g. What is the units digit of b?
9
Let m(n) = -29*n + 2 + 2*n - 29*n + 11*n. Let g be m(-2). Let l = -61 + g. What is the units digit of l?
1
What is the units digit of 6/((-68)/(-145) - 4/10)?
7
Suppose -5*a + 830 = 2*q, -3*q - a + 1345 = 100. What is the units digit of q?
5
Let r be 7/(-2) - 3/18*3. Let u(v) = -3*v**2 + 4*v - 5. Let i(c) = -15*c**2 + 20*c - 25. Let n(g) = 2*i(g) - 11*u(g). What is the tens digit of n(r)?
6
Let a be (-16)/(-20) - 63/(-15). Suppose a*g = -4*t + 96, 0 = -7*g + 2*g. What is the tens digit of t?
2
Let a(g) = 91*g + 145. What is the hundreds digit of a(6)?
6
Let w = -115 + 81. Let h = w - -15. Let i = h + 31. What is the units digit of i?
2
Suppose 5*r = -6*d - 0*r + 2563, -2*d - 2*r + 854 = 0. What is the units digit of d?
8
Suppose -4*j = -169 + 41. Let w = j + 119. What is the tens digit of w?
5
Let o = 15 - 13. Suppose -o*u + 129 = -0*u + b, 4*b = 4*u - 276. Suppose 0 = 4*a - u - 18. What is the tens digit of a?
2
Let k(j) = j**3 - 27*j**2 - 39*j + 24. What is the tens digit of k(29)?
7
Let t(a) = -19*a**3 + 2*a**2. Suppose -7 = -3*u + 2. Let m(x) = -20*x**3 + 3*x**2 - x - 1. Let d(w) = u*t(w) - 2*m(w). What is the tens digit of d(-1)?
1
Let m = 3385 + 1835. What is the hundreds digit of m?
2
Suppose -4*o + 5*t = -o + 128, 5*t + 178 = -3*o. Let w = -125 - -116. Let s = w - o. What is the tens digit of s?
4
Let y = 807 + -556. Let t = y - 173. What is the units digit of t?
8
Let b be 2/(-3) + 210/(-9). Let j(r) = -17*r - 4. Let m be j(-2). Let u = b + m. What is the units digit of u?
6
Suppose 7*k = 8*k - 54. Suppose -2*t = -82 - k. What is the tens digit of t?
6
Let p be (18/(-21))/(3/21). Let x be (2/p)/((-7)/(-63)). What is the tens digit of 58*(x/(-1))/6?
2
Suppose 359*z + 4*l = 355*z + 4520, 0 = 5*z + 4*l - 5649. What is the units digit of z?
9
Let u(w) = 6*w + 2. Let h be u(1). Let d = 11 - h. Suppose -20 + 59 = d*l. What is the tens digit of l?
1
Let f(m) = 37*m**2 + 16*m - 14. What is the units digit of f(1)?
9
Let d = 71 - 41. Suppose 0 = -3*b + 15, -7*b + 3*b + d = 5*q. Let a = 7 - q. What is the units digit of a?
5
Let b(m) = m**3 - 2*m**2 + m + 1. Let y be ((-85)/15 + 4)*-3. What is the tens digit of b(y)?
8
Let t = -18 + 28. Let o be 3/(-2)*t/(-3). Suppose -o*n + 197 + 58 = 0. What is the units digit of n?
1
Let l = -839 - -1508. What is the units digit of l?
9
Let n be ((-1)/(-3))/((-1)/(-105)). Suppose -5*b - 3*f + n = 0, -2*b + 4*f = 4 + 8. What is the tens digit of -23*1*b/(-4)?
2
Suppose 2*y + 6 - 24 = 0. Suppose 183 = y*i - 87. What is the units digit of i?
0
Suppose 4*k - 4*w = 740 + 892, 0 = k + w - 398. What is the hundreds digit of k?
4
Suppose 869*t + 2050 = 871*t. What is the hundreds digit of t?
0
Suppose 21805 = 9*w - 4781. What is the units digit of w?
4
Suppose w + 24 = x, -3*x + 28 = -2*w - 6*x. Suppose 0 = 37*v - 38*v + 43. Let a = v + w. What is the units digit of a?
3
Let k = -22 + 490. What is the units digit of k?
8
Suppose 0 = -2*u - 4*q - 58, -5*u = -0*u + 5*q + 140. Let p = u + 31. Suppose -2*f - p*n = -116, -4*f - 5*n + 280 = f. What is the units digit of f?
4
Suppose 0 = 7*o - 4*o - 2*j 